9 + 4/2 - t. Calculate the highest common divisor of m and n.
19
Let d be 0/(-8) - (1 - 65). What is the highest common factor of 2 and d?
2
Let j = 0 + 2. Suppose 3*x - j*x = 18. Calculate the greatest common factor of 126 and x.
18
Suppose -4*y + 40 = 20. What is the greatest common factor of y and 15?
5
Let r = 78 - 76. Suppose -4*s - 5*d = 29, 3*d = -4*s - 14 - 13. Let w = -1 - s. What is the highest common factor of r and w?
1
Let p(i) = 2*i**2 - 3*i + 6. Let u(o) = -3*o**2 + 5*o - 12. Let k(h) = 5*p(h) + 3*u(h). Let l be k(5). Calculate the greatest common divisor of 19 and l.
19
Suppose 0 = -4*x - p + 22, -4*x + 29 = x + 2*p. Suppose 12 = 6*r - x*r. Calculate the greatest common divisor of r and 84.
12
Let j = 88 - 77. What is the highest common factor of j and 11?
11
Suppose 6*n - 2*n + 30 = v, 30 = 5*v + 4*n. Let k be (-2)/3 - (-272)/3. What is the highest common factor of v and k?
10
Suppose -2*d + 3*d - 24 = 0. What is the highest common divisor of d and 36?
12
Suppose 4*g + 70 = 4*l - 2*l, 4*l = 4*g + 160. Calculate the greatest common factor of 9 and l.
9
Suppose -3*l - 12 = 0, -2*q = -6*q + l + 48. Let s = -96 - -97. Calculate the highest common factor of q and s.
1
Suppose 3*y + 2 - 17 = 0. Suppose 0 = 2*g + y*m - 18, g + m = 2*m + 9. Suppose 0 = 4*q, -4*o - 2*q + 252 = -q. What is the greatest common divisor of g and o?
9
Suppose -3*g + 6*g - 24 = 0. Let k(j) = j + 18. Let w be k(-10). What is the highest common factor of w and g?
8
Let m = 4 - 1. Suppose 0 = -m*j - j + 440. What is the greatest common divisor of j and 10?
10
Let k = 1 + 19. Suppose 3*h = -k + 2. Let y = h - -8. Calculate the greatest common divisor of 2 and y.
2
Let j be 65 + (-3 + 1 - -3). What is the greatest common factor of 6 and j?
6
Let o = 50 + -23. Calculate the greatest common divisor of 9 and o.
9
Suppose -2*s = -s - 4. Suppose -s = p - 2*p. Let h be p/10 + 624/15. Calculate the greatest common factor of h and 6.
6
Suppose 0 = 3*h + 12, -14 = 2*u - 5*h - 54. Suppose 4*l - 3*i + i - 18 = 0, 3*l = -3*i + 18. What is the greatest common divisor of u and l?
5
Let r = 26 - 7. Let v = 45 + -7. What is the greatest common divisor of r and v?
19
Let l = -206 + 431. Calculate the highest common factor of 90 and l.
45
Suppose 5*g + 5 = 0, 2*y - 15 = y - g. Suppose -83 + y = d. Let c = d - -99. Calculate the greatest common factor of 8 and c.
8
Let x be 2 + -1 + 0 + -2. Let a(o) = 4*o**2 + 1. Let b be a(x). Let j be 1/((-1)/(2 - 57)). What is the greatest common divisor of j and b?
5
Let v be (-4)/5 + (-4)/20*-44. Calculate the greatest common factor of v and 72.
8
Suppose -l - 4*l + 210 = 3*k, -4*l + 168 = -4*k. What is the greatest common factor of 14 and l?
14
Suppose 260 - 41 = 3*v. Let f = 50 - v. Let y = -12 - f. What is the greatest common divisor of y and 44?
11
Let d(k) = k + 12. Let t be d(-11). Calculate the greatest common factor of t and 5.
1
Let x be (-4)/14 + 4826/133. What is the highest common divisor of x and 48?
12
Suppose 5*v - 5*l - 130 = 0, 5*v = 4*v - 2*l + 38. Calculate the highest common divisor of 6 and v.
6
Suppose 0 = -6*z + 442 + 1046. Calculate the greatest common divisor of 31 and z.
31
Let s be 4/18 - 7/(-9). Let n be ((-3)/(-3))/s - -4. Let v = 10 - n. Calculate the highest common factor of v and 2.
1
Let y be 184/10 + (-6)/(-10). Suppose 5 + y = 3*p. Calculate the greatest common factor of p and 8.
8
Let a be 1 + ((-48)/2)/(-3). Let f(x) = -7*x - 17. Let l be f(-5). Calculate the greatest common factor of a and l.
9
Let l(k) = 20*k - 1. Let y be l(1). Calculate the greatest common divisor of y and 19.
19
Let x be -1 + 1885 + (0 - 1). Let y be x/11 - 4/22. Calculate the highest common divisor of 19 and y.
19
Let r = 83 - 23. Calculate the greatest common divisor of r and 12.
12
Suppose -134 = -2*n - 2*i, -n - 5*i + 203 = 2*n. Let m = 11 - 18. Let d = m + 13. Calculate the greatest common factor of d and n.
6
Suppose -b = 3*b - 20. Let r be (5*-1)/(b/(-55)). Calculate the greatest common factor of r and 5.
5
Suppose 0 = 2*d + 10, -5*m = -0*m + 4*d - 355. Suppose -c + 6*c = m. What is the greatest common divisor of 60 and c?
15
Let z(j) = -j**3 + 2*j**2 + 6*j + 5. Let a be z(-3). Calculate the highest common divisor of a and 80.
16
Suppose -3*s = -0*s - 9. What is the greatest common divisor of 2 and s?
1
Let t(c) = -2*c - 2 + 4*c**2 - c + c. Let r be t(2). Let v = 79 - 39. Calculate the greatest common divisor of r and v.
10
Let j = -5 + 7. Suppose j*o = -5*a + 163, o + 61 = 2*a + 6*o. What is the highest common factor of 11 and a?
11
Suppose 1730 - 314 = 3*i. Let c be i/20 - 2/(-5). What is the highest common divisor of c and 8?
8
Let k(z) = -z**2 + z + 3. Let h be k(3). Let a be (64 - 2) + (h - -1). What is the greatest common factor of a and 15?
15
Suppose 18*m - 1889 + 503 = 0. Calculate the highest common factor of m and 14.
7
Let j be (-8)/36 - (-20)/9. Suppose -j*n = -2*k + 286, 5*k - 3*n - 473 = 242. Let v be (-1 - (-4)/6)*-39. What is the highest common factor of v and k?
13
Let l(p) = -56*p**2. Let d(c) = -111*c**2 + c - 1. Let t(k) = -3*d(k) + 5*l(k). Let v be t(2). Calculate the highest common divisor of 19 and v.
19
Suppose 0*r + 198 = 3*r. Let j be (-690)/40 - 2/(-8). Let k = j + 39. Calculate the highest common divisor of r and k.
22
Let i(d) = -d**2 + 30*d + 10. Let c be i(14). Let g be 4*((-51)/(-6) - 2). What is the greatest common factor of c and g?
26
Let b be 1/(-3*3/(-243)). Suppose 5*p - 2*p - 6 = -4*g, -4*g = -p - 14. What is the greatest common divisor of g and b?
3
Suppose 0 = -4*o + 8 + 8, 4*m + 5*o = -632. Let y = -55 - m. Let p = 31 + -19. What is the highest common factor of p and y?
12
Suppose -2*d + 140 = -50. Suppose -146 = -4*x + 6. What is the highest common factor of d and x?
19
Let k = 44 + -26. Let x be -6*((-9)/2 + 0). Calculate the greatest common factor of k and x.
9
Let i(h) = 2*h**3 - h**2. Let x be i(2). What is the highest common divisor of 96 and x?
12
Suppose 5*l - 3 = 7. Calculate the greatest common factor of l and 6.
2
Suppose -11*l + 560 = -7*l. Suppose -94 = -5*c - r - 2*r, -r - 2 = 0. Calculate the greatest common factor of c and l.
20
Let a(j) = j**2 - 19*j + 63. Let i be a(4). Let z = -29 + 44. What is the greatest common divisor of i and z?
3
Let p = 3 - -1. Let c = p - 3. Let o be (c + -2)/((-4)/264). Calculate the highest common divisor of 6 and o.
6
Suppose -2*y = 4*q - 350, -5*q + 4*q + 83 = 5*y. Calculate the greatest common divisor of 8 and q.
8
Let p(v) = v**3 - 10*v**2 - 15*v + 51. Let l be p(11). What is the greatest common divisor of 14 and l?
7
Suppose 2*f + 70 = v + 4*f, f - 323 = -5*v. Suppose -5*b = -d - v, 12 = -d - 2*d. Calculate the highest common factor of b and 60.
12
Let r be 8 - (2 - (2 - 4)). Suppose -y + r - 9 = -l, 0 = -l + 5*y - 11. What is the highest common divisor of l and 18?
9
Suppose 0 = 4*c + 5*k - 25, 2*c - 2*k - 20 = -6*k. Suppose 4*m - 122 + 46 = c. What is the highest common divisor of 38 and m?
19
Let a(l) = -l**3 + 3*l**2 + l - 2. Let h be a(3). Suppose h = -2*m + 5. Suppose -k + 351 = m*k. Calculate the highest common factor of 13 and k.
13
Suppose -6 + 21 = 5*v. Suppose -3*y + 5 - 2 = 0. What is the greatest common factor of v and y?
1
Suppose 5*v + 5*s = -3 + 13, 2*s = -4*v + 4. Suppose b = -v*b + 35. Calculate the highest common factor of 5 and b.
5
Let w(g) = g**3 + g**2 - g - 12. Let d be w(0). Let t be 7/42 - (-3386)/d. Let n be (-4)/18 + t/(-54). What is the highest common divisor of n and 45?
5
Let k = 14 + 30. Suppose 5*l = 2*z + 20, l = -0*l + 4*z + 4. What is the greatest common factor of l and k?
4
Suppose p = 5*p - 3*h + 78, -111 = 5*p + 3*h. Let m be 2*(p/(-2) + -3). Let t = -1 + 6. Calculate the greatest common factor of m and t.
5
Let f be 10/(-5)*(-4)/(-2). Let j be 32*2 - (f + 2). Calculate the highest common factor of j and 165.
33
Let c be 1 - -1*(5 + -2). Let j = c - -4. What is the greatest common factor of j and 72?
8
Let c = 147 - 11. Calculate the highest common divisor of 17 and c.
17
Let p(k) = 2*k + 1. Let j be p(2). Suppose -126 = -j*g + 3*n, g + n = 4*n + 30. What is the greatest common divisor of 6 and g?
6
Suppose 0 = -2*a - 4, 5*k - 2*a - 30 = 3*a. Let d be (6/4)/(12/16). Let n be 48/4*d/k. Calculat